*h + 2. Let g(c) = -8*c**3 + 9*c**2 - 16*c + 1. Let p(f) = n*g(f) - 5*v(f). Determine p(-8).
-3
Let s(c) = -c + 1. Let y(a) = -19 - 44*a + a**3 + 32 + 32*a - 9*a**2. Let j be y(10). Determine s(j).
8
Let x(n) = n + 2. Let g(m) = -2*m**2 - 39*m + 72. Let u be g(-21). Suppose 5*s - w - 27 = 0, s - 5*w + 3 = -u*w. Calculate x(s).
7
Let k(s) = 4*s**2 + 2*s - 2. Let z(w) = -3*w**2 + 1. Let t(h) = 4*k(h) + 5*z(h). Let p be t(1). Let v(q) = -q**3 + 4*q**2 + 13*q - 4. What is v(p)?
2
Suppose 0 = 24*c - 33*c + 9. Let h(v) = 53*v**2 - v + 1. Calculate h(c).
53
Let b = 159 + -138. Let n(g) = -9 - g**2 + 55*g - 23*g - 18*g - b*g. Determine n(-8).
-17
Let t be 0 + -2 + -5 + 0. Let f(w) = -w**2 + 8*w + 2. Give f(t).
-103
Let y(t) = 3*t**2 - 2*t + 1. Let r = -77 - -101. Let q be -2*3/r - (-66)/8. Suppose 2*d = -3*u - 7, 4*u = -4 - q. What is y(d)?
2
Let y(a) = 23*a**2 - a + 3. Let c(q) = 139*q**2 + 5*q + 14. Let z(i) = -c(i) + 6*y(i). Let j be 2 + 13*(0 - 1). Determine z(j).
4
Let h(o) = -22*o**3 - 42*o**2 + 15*o + 25. Let g(a) = -5*a**3 - 10*a**2 + 3*a + 6. Let u(y) = -9*g(y) + 2*h(y). Give u(-5).
6
Suppose -3*g + c = 21, 18 = -4*g + 12*c - 9*c. Let u(j) = 8 + 0*j**3 + 7*j - j**3 - 5*j**2 - 3*j**2. What is u(g)?
26
Let b be (40/30)/(2/9). Suppose b*l + 44 = 17*l. Let q(p) = -4*p**2 - p + p**3 - 4 + p**2 - 1. Calculate q(l).
7
Let v(c) = c + 4. Suppose 0 = 3*h - h - 162. Suppose k + 5*q = 88, -10*k + 8*k = 4*q - 158. Let o = k - h. Calculate v(o).
-4
Let r(l) be the third derivative of 2*l**5/15 - 5*l**4/2 - 20*l**3/3 + 9*l**2 + 3*l + 15. Give r(8).
-8
Let w(q) = -4*q**3 - 3*q - 2. Let c be w(-1). Let i(f) = 1 + 1 - f + 2. Let r(j) = j - 3. Let k(z) = c*r(z) + 4*i(z). Give k(-7).
-6
Let r(y) = -2*y**3 + 418*y**2 - 345*y - 14780. Let d be r(208). Let p(f) be the second derivative of f**3/3 + 11*f**2/2 - f. Determine p(d).
-13
Let l(r) = -2*r**2 - 42*r + 125. Let s be l(-24). Let m(t) = 2*t**3 + 39*t**2 + 16*t - 52. Calculate m(s).
5
Let a(b) = -26*b**2 - 3*b. Let c(l) = -57*l**2 - 5*l - 2. Let w(z) = 11*a(z) - 5*c(z). Suppose 3*f + u + u + 30 = 0, 0 = -4*u - 12. Calculate w(f).
10
Let h = -306 - -309. Let q(g) = -13*g**h - 8 - 3 + 3 + 4*g**2 + 12*g**3 + 2 + g. Determine q(4).
-2
Let s(l) = l**2 + 5*l - 10. Suppose 105 = -53*j - 160. Calculate s(j).
-10
Suppose 0 = -4*q - 5*p - 2, q + 2*p = -5 + 3. Let m(x) = -q*x + 3*x + 0*x + 2*x. Determine m(-4).
-12
Let j(r) = -r**3 + 12*r**2 + r - 18. Let n be 4/(-30) - 26*91/(-195). Give j(n).
-6
Suppose -3 = 2*o - 11. Suppose -s = -2*k + 5, 0 = -s + o*k - 0*k - 11. Let p(n) = -n**2 + 2*n - 3*n + 23 - n**3 + 13 - 47 + 12. What is p(s)?
-2
Let l(r) = r**3 - 6*r**2 - 14*r - 20. Let t = 16 + -8. Let d be l(t). Let k(n) = -n + 4. What is k(d)?
8
Suppose q = 12*q + 55. Let u be q*4/(-20) + -4. Let i(p) = -p**3 - 3*p**2 + 4*p + 3. Give i(u).
-9
Let h(a) = 46*a**2 - 123*a + 10. Let o(d) = 4*d**2 - 10*d. Let t(f) = -h(f) + 11*o(f). What is t(4)?
10
Let d(p) = 6*p + 28. Suppose -46*w + 2 = -47*w - 12. What is d(w)?
-56
Let w be 145/87 - 2/(-6). Let x(z) = 4706*z + z**3 + w*z**2 + 6 - z**2 + 3*z**2 - 4703*z. Calculate x(-4).
-6
Let t = 16163 + -16167. Let r(v) = -v**3 - 6*v**2 - 12*v - 1. What is r(t)?
15
Suppose -4*s - 55 = -59. Let q(b) = -2*b + b - 2*b + 30*b**3 - 25*b**3 + 2 + b**2. Determine q(s).
5
Suppose -r + 3*y + 3 = -19, -4*y - 27 = -r. Let c(w) = 2*w + 3*w + 7261 - 7248. Let m(t) = t + 2. Let g(x) = -c(x) + 6*m(x). Determine g(r).
6
Let w(a) = a**3 + 2*a + 8. Let q = -1889 - -1889. Calculate w(q).
8
Suppose -7*l = 29 - 8. Let s(f) = -f**3 + 14*f**2 + 9*f + 8. Let v(r) = r**3 - 11*r**2 - 8*r - 7. Let a(w) = -4*s(w) - 5*v(w). What is a(l)?
9
Let v(u) = -3*u. Let c(x) = -4*x - 1. Let s(d) = 5*c(d) - 7*v(d). Let p = 33 + -30. Suppose -j + 5*b = -19, 5*j - p*b + 25 = -2*b. Give s(j).
-11
Let f = 0 + 2. Suppose -7*h + 2*h = 4*q + 22, 5*q + 11 = f*h. Let d(b) = 76*b - 26*b - 3 - 26*b - 25*b. Give d(q).
0
Let d(y) = y**2 + 5*y + 5. Let r = -18914 - -18921. Calculate d(r).
89
Suppose 5*h = -0*h + 3*x - 57, 2*h - 2*x = -22. Let o be 27/12*(-16)/h. Let m(p) = 16*p**3 - 21*p**2 + o*p**3 + 1 + 20*p**2. Determine m(-1).
-19
Suppose 0 = 29*x + 372 - 691. Let o(c) = c + c - 8 - c. What is o(x)?
3
Let i(p) = 2*p + 22. Let o be i(-9). Suppose o = 4*g - 4*t, -5*g - 5*t = 9 + 6. Let f be 2*4 - (-2)/g. Let k(w) = -w - 3. Calculate k(f).
-9
Let s be -1*(-4 + 17 - 30). Let b(y) = 7*y - 128. Calculate b(s).
-9
Suppose -19*q = -5*q - 28. Let t(s) = -4*s**q + 2 + 4*s**2 + 2*s + s**2 + 2*s. Determine t(-4).
2
Let a(x) = 266*x**3 - 90*x**3 - x**2 - 3*x**2 - 89*x**3 + 3 + 21*x - 88*x**3. Give a(-7).
3
Let c(x) be the first derivative of -x**3/3 + 13*x**2/2 - 5*x - 17. Suppose -19 = 3*a - 52. What is c(a)?
17
Let j(g) = -3*g + 61. Let s be j(19). Suppose -s*d - 49 = -17. Let o(n) be the second derivative of n**5/20 + 3*n**4/4 + 4*n**3/3 + 7*n. Give o(d).
0
Let p(g) = -g**2 + 7*g - 5. Let c be p(6). Let u be (2 - -8)/((-7 + 9)*1). Let q(a) = 3*a - u*a + 10 - 5 - 4 + a**2. Give q(c).
0
Let r = -3670 - -3661. Let p(w) = w**2 - 2*w - 91. Give p(r).
8
Let i(t) = 1. Let y(x) = 2*x - 15. Let c(g) = -6*i(g) - y(g). Let v be 15939/(-198)*(-32)/368. Give c(v).
-5
Let l(n) = 7*n**2 + 4*n + 4. Let g(f) = -f - 1. Let j(i) = 4*g(i) + l(i). Let x be ((-6)/(-63))/(20/105) - (-2)/4. What is j(x)?
7
Let v be (2/8)/(6 + 138/(-24)). Let n(w) = -2 - 11 + 2*w + v. Calculate n(9).
6
Let i(a) = -2*a**3 - a**2 + 2*a - 5. Let n(s) = -s**3 + s - 4. Let g(c) = 2*i(c) - 3*n(c). Let q = -109 - -43. Let b = -68 - q. Give g(b).
0
Let p(z) = -97 + 161 - 77 - 56 - 14*z. Determine p(-8).
43
Let z = 83 - 79. Let f(t) = 127*t + 125*t + z - 250*t. Let b = -11 - -5. Calculate f(b).
-8
Let b = -435 + 436. Let n be b*-7 - 144/(-24). Let z(u) = -6*u**3. What is z(n)?
6
Let d(h) = 5*h**3 - 12*h**2 + 17. Let n(w) = -2*w**3 + 3*w**2 - w - 4. Let z(g) = d(g) + 3*n(g). Calculate z(-4).
33
Let i(v) = -3*v**2 + 10*v - 16. Suppose 3*c + 23 = 2*h, 19*h = 18*h + 3*c + 19. Give i(h).
-24
Let y(s) = -2*s + 6. Suppose 0 = 18*v - 6*v - 60. Suppose -2*d + 3 = -z, -v*d + 2*d = -2*z - 8. What is y(z)?
20
Let l(o) = 18*o - 90. Let x be -7 + 70/(-20)*(-66)/21. Calculate l(x).
-18
Let o = -7 + 14. Suppose -7 = -3*b + 38. Let z(w) = -b*w - 3 + 4*w + 19*w - w**2. Give z(o).
4
Let w = 5571 + -5573. Let a(v) = -3*v - 9. Give a(w).
-3
Let k(t) = -8*t**2 + 5*t - 3. Suppose -r - r - 31 = -5*p, -r - 3 = 0. Let v(f) = -4*f**2 + 3*f - 2. Let h(w) = p*v(w) - 3*k(w). Give h(-1).
3
Let z(k) = -75*k + 42 + k**3 - 5*k**2 + 2*k + k**2 + 69 - 29*k**2. Calculate z(35).
6
Let o be (21/6)/7 - 1/2. Let u = 24 + -21. Let h(l) = -16*l**u + 3*l**2 - 18 + 15*l**3 - l - 2*l**2. What is h(o)?
-18
Let f = 687 - 684. Let c(q) = 5*q - 4*q - 3*q - f*q + 7. Give c(-3).
22
Let c(k) = -k + 12. Let x = -13 + 15. Suppose 0 = x*g + 2*g - 36. Calculate c(g).
3
Let i(f) = -f**2 - 2*f - 3. Suppose 0 = 5*l + 10, 2*w + 37 - 13 = -3*l. Let o(n) = n**3 + 9*n**2 - 3*n - 30. Let m be o(w). Calculate i(m).
-6
Suppose 3*k - j - 22 = 0, -2*k + j - 2*j + 18 = 0. Let x(p) = 0 - 10 - 49*p + 54*p. Calculate x(k).
30
Let r(g) be the third derivative of g**6/120 - 7*g**5/60 - 7*g**4/12 - 11*g**3/3 + 2098*g**2. Give r(9).
14
Suppose -c = -4 - 67. Let o = -69 + c. Let m(f) = -8*f - 22*f**2 + 6*f + 2*f - o*f - 1. Calculate m(-1).
-21
Let d(y) = 2*y - 2. Let c = -133 + 137. Let r be (100/c)/(1 + 2 + -4). Let u be r/10*-1*2. Determine d(u).
8
Let g be ((-2)/16)/((-28)/1344). Let a(q) = q**3 - 8*q**2 + 18*q - 30. Determine a(g).
6
Let y(x) be the second derivative of -x**3/6 - 3*x**2 + 11*x + 29. Determine y(-1).
-5
Let v(m) = 4 - 5 - 7 - m**2. Let n = 162 - 194. Let x be 2/8 - (216/n - -7). Determine v(x).
-8
Suppose -5*i = n - 15, -n - 3*i + 9 = -2*n. Let s(o) be the first derivative of o**2 + o - 159. Calculate s(n).
1
Let q(t) = 10*t - 24. Let l(h) = 33*h - 516. Let j be l(16). Give q(j).
96
Let x(m) = m + 0*m + m**3 + 0*m**2 + m**2 + 26. Let y = -35820 - -35820. Determine x(y).
26
Let a be (100/(-125))/(0 - 4/(-520)*4). Let y(u) = 4*u + 99. What is y(a)?
-5
Suppose 23*l - 19 = 4*l. Let o(k) = -4*k - 8*k + 16*k + l + 13*k. Calculate o(-1).
-16
Let g(t) = t - 6. Let v(x) be the second derivative of 0 + 9/2*x**2 - 3*x - 1/6*x**3. Let q be v(4). Give g(q).
-1
Sup